*2 - 18*s - 42. What is the remainder when (-21 - -3)/(12/(-8)) is divided by l(-15)?
0
Suppose -6*g - 7384 = -77*g. What is the remainder when g is divided by 49?
6
Let s(m) = -5*m - 38. Let a be s(-14). What is the remainder when 60 is divided by (-11 - -12)/(2/a)?
12
Suppose -5*z - 641 = -2*w, 0 = 25*w - 23*w - 3*z - 639. What is the remainder when w is divided by 65?
58
Let w(d) = -d**3 - d**2 - 3*d + 9. Let k(y) = 2*y**3 + 2*y**2 + 7*y - 17. Let o(h) = 2*k(h) + 5*w(h). Calculate the remainder when 37 is divided by o(0).
4
Suppose 27*i - 1242 = 18*i. Let l(c) = -c**3 + c + 290. Let t be l(0). Suppose 4*h - i = t. What is the remainder when h is divided by 27?
26
Suppose -5*u - 13 - 37 = 0. Calculate the remainder when 67 is divided by (1*7)/(u/(-20)).
11
Let s = -1201 + 1448. Calculate the remainder when s is divided by 63.
58
Let c = -1074 - -1103. Calculate the remainder when c is divided by 22.
7
Let w = -23 - -12. Suppose 0 = -5*x + 4 - 99. Let q = w - x. Calculate the remainder when q is divided by 5.
3
Let u = 1520 - 1339. Calculate the remainder when u is divided by 97.
84
Let q(u) = -25*u. Let x be q(-1). Suppose -x = -6*a + a. Suppose -4*d = -s - 20, -3*s + 14 = a*d + 6. Calculate the remainder when 14 is divided by d.
2
Let m(f) = f**2 + 4*f + 8. Let j be m(-2). Suppose -2*h + 4*o = -3*h + 44, 12 = h - j*o. What is the remainder when h is divided by 5?
3
Let b = 6 + 3. Let y(x) = 2*x**3 - x**2 - 3*x - 3. Suppose -2*q = 2 - 0, -5*q - 8 = -z. What is the remainder when y(z) is divided by b?
6
Let w = 152 - 330. Let f = -28 + 61. Calculate the remainder when (-2 - w/(-8))*-4 is divided by f.
31
Let g(a) = -8*a + a**2 + 2*a**2 + a**2 - 5*a**2. Let s be g(-9). What is the remainder when 23 is divided by ((-36)/(-15))/(s/(-30))?
7
Calculate the remainder when (-16)/(-11 - (-260)/24) is divided by 25.
21
Let l(u) = -u - 12. Let v be l(-10). Let y = 17 - -29. Calculate the remainder when y is divided by (-231)/(-14) - (-1)/v.
14
Let b = -728 - -814. What is the remainder when b is divided by 12?
2
Suppose 1216 = 53*g - 45*g. Calculate the remainder when g is divided by 12.
8
Let q = 11 - -17. What is the remainder when 166 is divided by q?
26
Let x(w) = 20*w**2 + 3*w - 11. Calculate the remainder when x(3) is divided by 91.
87
Suppose 16*c + 106 = 954. Calculate the remainder when c is divided by 34.
19
Suppose -218 = -2*c - b + 4*b, 0 = -4*b. Suppose 3*k + 2*z = -58, -5*z + 62 = -5*k - 18. Calculate the remainder when c is divided by (-477)/k - (-3)/2.
25
Let v be (-90)/63 - 3*2/(-14). Let k(h) = -35*h + 6. What is the remainder when k(v) is divided by 21?
20
Calculate the remainder when 102 is divided by (-4)/16 - (-10)/8 - -34.
32
Let v be 4 - 4*(-5)/(-20). Let j be 5/((-2)/v + 1). What is the remainder when 38 is divided by j + (1 - 0 - 3)?
12
Suppose 3*r = -2*z + 8, 7*z - 1 = 2*r + 2*z. Suppose 164 = r*p + 4*w, p - 77 = -12*w + 9*w. Calculate the remainder when p is divided by 16.
12
Calculate the remainder when 190 is divided by 9/((-63)/(-336)*1*4).
10
Let l = 151 + -136. Calculate the remainder when 134 is divided by l.
14
Let q(m) = m**3 + 6*m**2 - 4*m + 1. Let n be q(-6). Let t be n - (-3)/6*-2. Suppose -10*s + 4*s = -t. Calculate the remainder when 11 is divided by s.
3
Let b(f) = -5*f + 25. Calculate the remainder when b(-6) is divided by 34.
21
Let d be (-2)/(-9) - 375/(-135). Suppose 5*x + d*o = 4*o + 71, -14 = -2*x + 4*o. Let q = x + -2. Calculate the remainder when 51 is divided by q.
12
Let d = -152 + 192. Calculate the remainder when 115 is divided by d.
35
Let i(w) = 8*w + 50. Let y be i(17). Suppose y + 35 = v. What is the remainder when v is divided by 16?
13
Suppose -2*t = 4 - 10. Let d = t - -5. What is the remainder when 47 is divided by d?
7
Suppose -3*v + 5*q = -26, 3*v + 6*q - 3*q = 42. What is the remainder when 25/3 + (-4)/v is divided by 2?
0
Let g be (3 - 0) + 0 - -2. Suppose -5*w = 5*x - 95, 3*w + 77 = g*x + 2*w. Suppose 9*y + 186 = 15*y. Calculate the remainder when y is divided by x.
15
Suppose 5*s - 3440 + 3235 = 0. What is the remainder when s is divided by 11?
8
Let s(a) = 5*a**2 - 17*a + 20. Suppose 2*r - 256 = 2*y, -2*r = 3*y - 2*y - 241. What is the remainder when r is divided by s(4)?
27
Suppose -y - 4 - 2 = 0. Let o be (y + 2)*1/(-2). Suppose -o*h = 2, h = 3*d + 10 - 44. Calculate the remainder when 41 is divided by d.
8
Suppose 4*q + 2 = -10. Let l be (-3 - -20)/1 - q. What is the remainder when 10 is divided by (-5)/l - 50/(-8)?
4
Suppose -1 = -5*b + 4. Let k(l) = 3*l + 1 + 0*l + 9*l. What is the remainder when k(b) is divided by 8?
5
Let g = 877 + -590. What is the remainder when g is divided by 58?
55
Suppose 0 = z - 6*z + 70. Suppose -2*p + 14 = -z. What is the remainder when 38 is divided by -3 - (0 - (p - 3))?
6
Suppose -1587 = -23*z - 0*z. What is the remainder when z is divided by 25?
19
What is the remainder when 28 is divided by (-7)/1 - 250/(-10)?
10
Calculate the remainder when (-18)/33 - 1156/(-22) is divided by 27.
25
Suppose 296 = 3*w + 71. Calculate the remainder when 298 is divided by w.
73
Let l be 10/25*(-1335)/(-3). Suppose 3*q = 3*j - 138, -q - q + l = 4*j. Suppose 66 - 186 = -5*o. Calculate the remainder when j is divided by o.
21
Calculate the remainder when 340 is divided by (1 + (-158)/6)/(24/(-36)).
36
Let l(r) = -2*r**3 + 32*r**2 + 35*r + 3. Let h = 99 - 82. Calculate the remainder when 38 is divided by l(h).
18
Let o = -99 - -118. Let v(g) = g**3 + 5*g**2 - 2*g - 6. What is the remainder when o is divided by v(-5)?
3
Suppose -2*c + 4*o = -6, -5*c + 1 = 2*o - 5*o. Let x(g) = 6*g**2 + g + 2. What is the remainder when 11 is divided by x(c)?
4
Suppose -41*c + 96 + 191 = 0. What is the remainder when c is divided by (3 - 2)/((-1)/(-4))?
3
Let a be ((-20)/6)/((-4)/6). Suppose a*m - 291 = -5*h + 74, -h + 2*m + 64 = 0. Let b(v) = 18*v**2 + v - 1. What is the remainder when h is divided by b(1)?
16
Let c = -121 + 142. What is the remainder when 58 is divided by c?
16
Suppose 5*c = 11*c + 24. Calculate the remainder when (-42)/(6*(1/c + 0)) is divided by 16.
12
Let x(l) = -l - 2. Let c be x(0). Let y = 39 + c. What is the remainder when y is divided by 10?
7
Suppose -24 + 32 = h. Let v(q) = -q + 4. Let s be v(8). Let u(k) = -k**3 - k**2 + 6*k + 6. Calculate the remainder when u(s) is divided by h.
6
Suppose -5*a + j = -645, -3*a + 223 = j - 156. Calculate the remainder when 2173 is divided by a.
125
Let l be (-5)/(-2) + 2/4. Suppose -2*v = -17 + 7. What is the remainder when v is divided by -3*l/(-9) - -3?
1
Let q(k) = 11*k**2 - 118*k - 4. Calculate the remainder when 461 is divided by q(11).
26
Let a = 297 + -288. Calculate the remainder when a is divided by 1.
0
Suppose 4*z - 4*f - 372 = -0*f, 4*f + 176 = 2*z. Calculate the remainder when z is divided by 4.
2
Let f = 31 - 21. Let c(x) = x**2 - 12*x + 15. Calculate the remainder when f is divided by c(11).
2
Suppose 2*q = 4*b + 12, -16 = 2*q + 3*b - 42. Let w(t) = -2*t**2 + 68. What is the remainder when w(0) is divided by q?
8
Let m be 16/(-6)*6/(-2). Let p(j) = 2*j**2 + 5 - 3*j - 2*j - 14. What is the remainder when p(m) is divided by 20?
19
Let a(m) = 3*m + 107. Suppose -6*s + 20 + 88 = 0. What is the remainder when a(0) is divided by s?
17
Let a be (-2)/7 + 69/21. Suppose 60 = u - a*g + 12, 3*g = -4*u + 147. Suppose 4*v - 1 = -r - v, 3*r - 4*v = 79. Calculate the remainder when u is divided by r.
18
Let i = -1716 + 1797. Calculate the remainder when i is divided by 60.
21
Suppose -98*p = -105*p + 119. Calculate the remainder when 114 is divided by p.
12
Let y(l) = -5*l**3 + 16*l**2 - 15*l - 9. Let i(u) = u**3 - u**2 + u + 1. Let c(d) = -4*i(d) - y(d). Calculate the remainder when 34 is divided by c(11).
4
Let v be 2034/(-12)*(-4)/6. Suppose 2*u - u - v = i, -3*u + 343 = -5*i. What is the remainder when u is divided by 19?
16
Let a = 1890 - 1868. Let r = 52 - 9. What is the remainder when r is divided by a?
21
Suppose 3*n + d = 21, n - 5*d = 5*n - 39. Calculate the remainder when (-140)/3*(-3)/2 is divided by (-1 + 19)*(8 - n).
34
Let u(x) = -5*x - 5. Let g be u(-4). Let q = g - -61. Suppose 2*k = -2*k + q. What is the remainder when k is divided by 10?
9
Let q be (-12)/(-4) - 15*-1. What is the remainder when 3 is di